 the hundreds digit of 57687456?
4
What is the tens digit of 3807606524?
2
What is the ten millions digit of 78922955?
7
What is the ten millions digit of 2027938219?
2
What is the tens digit of 735699341?
4
What is the ten millions digit of 569416016?
6
What is the thousands digit of 2504079400?
9
What is the millions digit of 332242647?
2
What is the tens digit of 341698844?
4
What is the ten millions digit of 5627708544?
2
What is the ten millions digit of 359752912?
5
What is the ten thousands digit of 133513231?
1
What is the hundred millions digit of 175634188?
1
What is the ten millions digit of 6360723517?
6
What is the thousands digit of 30290444?
0
What is the millions digit of 247739949?
7
What is the ten millions digit of 1063149390?
6
What is the ten thousands digit of 74164946?
6
What is the units digit of 1871480435?
5
What is the tens digit of 396774037?
3
What is the hundreds digit of 1679552606?
6
What is the millions digit of 38086409?
8
What is the thousands digit of 918851944?
1
What is the hundred thousands digit of 451508404?
5
What is the millions digit of 36771985?
6
What is the hundred thousands digit of 3591209435?
2
What is the tens digit of 333650655?
5
What is the thousands digit of 116039694?
9
What is the ten thousands digit of 11216412?
1
What is the hundreds digit of 294686210?
2
What is the ten thousands digit of 979491964?
9
What is the units digit of 495983177?
7
What is the thousands digit of 3489109392?
9
What is the units digit of 6112660135?
5
What is the ten millions digit of 176475237?
7
What is the ten thousands digit of 4086592060?
9
What is the ten millions digit of 925404653?
2
What is the tens digit of 56288260?
6
What is the hundreds digit of 273958920?
9
What is the thousands digit of 357707169?
7
What is the millions digit of 1418547500?
8
What is the hundred thousands digit of 1745511?
7
What is the hundreds digit of 263703509?
5
What is the tens digit of 93873817?
1
What is the hundred millions digit of 868856064?
8
What is the hundred thousands digit of 683218456?
2
What is the billions digit of 1864244392?
1
What is the thousands digit of 35464386?
4
What is the units digit of 716801540?
0
What is the units digit of 189358117?
7
What is the ten thousands digit of 17301959?
0
What is the ten millions digit of 21105211?
2
What is the hundred millions digit of 433066255?
4
What is the tens digit of 514407304?
0
What is the hundreds digit of 285971669?
6
What is the ten millions digit of 1371464634?
7
What is the tens digit of 817956055?
5
What is the units digit of 2098245?
5
What is the millions digit of 21498671?
1
What is the hundred thousands digit of 22848153?
8
What is the hundred thousands digit of 413723678?
7
What is the tens digit of 6110955?
5
What is the ten thousands digit of 271323710?
2
What is the ten millions digit of 3376456468?
7
What is the ten millions digit of 1707351463?
0
What is the hundreds digit of 120124728?
7
What is the ten thousands digit of 1011354635?
5
What is the hundred millions digit of 4882541255?
8
What is the tens digit of 127127414?
1
What is the ten millions digit of 32326588?
3
What is the billions digit of 1253354657?
1
What is the hundred millions digit of 608933136?
6
What is the units digit of 48951863?
3
What is the units digit of 98235893?
3
What is the ten thousands digit of 180801248?
0
What is the ten thousands digit of 61981334?
8
What is the hundreds digit of 178644122?
1
What is the ten thousands digit of 16957461?
5
What is the thousands digit of 1281025800?
5
What is the thousands digit of 75452282?
2
What is the ten thousands digit of 665402957?
0
What is the units digit of 18684861?
1
What is the millions digit of 2700146840?
0
What is the units digit of 30100730?
0
What is the thousands digit of 627810849?
0
What is the units digit of 2716799305?
5
What is the hundred millions digit of 2606085351?
6
What is the units digit of 2076865508?
8
What is the millions digit of 51696514?
1
What is the ten thousands digit of 6920912?
2
What is the tens digit of 84935154?
5
What is the thousands digit of 217958248?
8
What is the units digit of 130195590?
0
What is the ten thousands digit of 813981795?
8
What is the millions digit of 1320556527?
0
What is the ten thousands digit of 27473933?
7
What is the billions digit of 2171749550?
2
What is the hundred millions digit of 7357333017?
3
What is the hundred thousands digit of 64473602?
4
What is the tens digit of 736163279?
7
What is the hundred thousands digit of 70717699?
7
What is the tens digit of 60776098?
9
What is the hundred thousands digit of 28314130?
3
What is the ten thousands digit of 9364882?
6
What is the thousands digit of 110781223?
1
What is the thousands digit of 1162434479?
4
What is the hundred thousands digit of 95601083?
6
What is the hundred millions digit of 249887676?
2
What is the ten millions digit of 162753042?
6
What is the ten millions digit of 80878437?
8
What is the hundred thousands digit of 1079413786?
4
What is the tens digit of 69611856?
5
What is the units digit of 889752357?
7
What is the hundreds digit of 16465244?
2
What is the hundred thousands digit of 140400083?
4
What is the millions digit of 3014999863?
4
What is the units digit of 23700485?
5
What is the tens digit of 650646134?
3
What is the hundred thousands digit of 113176038?
1
What is the thousands digit of 1872562058?
2
What is the ten millions digit of 147243596?
4
What is the thousands digit of 173665313?
5
What is the billions digit of 1372082316?
1
What is the hundred millions digit of 142461691?
1
What is the ten millions digit of 33279584?
3
What is the units digit of 46088344?
4
What is the thousands digit of 238657904?
7
What is the ten millions digit of 299644872?
9
What is the hundreds digit of 21333548?
5
What is the hundreds digit of 79074226?
2
What is the hundreds digit of 39249678?
6
What is the millions digit of 98343781?
8
What is the millions digit of 614252747?
4
What is the ten millions digit of 45713624?
4
What is the units digit of 30590092?
2
What is the hundred thousands digit of 989346585?
3
What is the thousands digit of 9090899945?
9
What is the ten thousands digit of 246165093?
6
What is the ten millions digit of 270518188?
7
What is the hundred thousands digit of 104196626?
1
What is the billions digit of 5243467615?
5
What is the millions digit of 151790528?
1
What is the hundred millions digit of 142656345?
1
What is the tens digit of 1876110036?
3
What is the units digit of 892449421?
1
What is the hundreds digit of 68767085?
0
What is the hundred millions digit of 111376272?
1
What is the ten millions digit of 93225039?
9
What is the units digit of 4492643040?
0
What is the ten thousands digit of 442029614?
2
What is the hundred millions digit of 293596785?
2
What is the ten millions digit of 2126312750?
2
What is the hundreds digit of 22086554?
5
What is the hundreds digit of 1709263226?
2
What is the ten thousands digit of 1091266128?
6
What is the ten thousands digit of 1383396027?
9
What is the hundreds digit of 7402771325?
3
What is the units digit of 71487133?
3
What is the units digit of 405744943?
3
What is the thousands digit of 1620791805?
1
What is the tens digit of 916714777?
7
What is the thousands digit of 41516619?
6
What is the millions digit of 128139750?
8
What is the millions digit of 84722219?
4
What is the ten millions digit of 11765361?
1
What is the hundreds digit of 223994721?
7
What is the tens digit of 55596956?
5
What is the ten millions digit of 164398342?
6
What is the hundred thousands digit of 1889890341?
8
What is the tens digit of 46252637?
3
What is the tens digit of 625028416?
1
What is the hundred thousands digit of 31365418?
3
What is the ten millions digit of 550172881?
5
What is the hundreds digit of 2250961801?
8
What is the millions digit of 979909073?
9
What is the units digit of 1102509753?
3
What is the ten millions digit of 3145049625?
4
What is the billions digit of 3703961377?
3
What is the thousands digit of 197281976?
1
What is the thousands digit of 99906369?
6
What is the hundred thousands digit of 61200801?
2
What is the ten millions digit of 224848233?
2
What is the ten millions digit of 77944813?
7
What